+ 40 = 0. Suppose -2*d - 46 = -4*g, -g + 0*g - 2*d - 1 = 0. What is the remainder when l is divided by g?
6
Let t(x) be the third derivative of x**4/12 - x**3/2 + x**2. Let h = 12 - 6. What is the remainder when 26 is divided by t(h)?
8
Let d(z) = -z - 4. Calculate the remainder when 2/4 - (-76)/8 is divided by d(-7).
1
Suppose 5*t - 66 = 19. Suppose 18 = y - 31. Calculate the remainder when y is divided by t.
15
Suppose -3 = d - 16. What is the remainder when 75 is divided by d?
10
Suppose -4*g - 2*s + 232 = -0*g, 200 = 3*g - 5*s. Suppose -5*i = -g + 20. What is the remainder when i is divided by 5?
3
Suppose 0 = -6*y + 58 + 26. What is the remainder when y/(-21) + 124/6 is divided by 7?
6
Let w(v) = v**3 + 11*v**2 + 9*v - 5. Calculate the remainder when (0 + -1)*(-8 - -1) is divided by w(-10).
2
Let n be 944/(-36) - (-4)/18. Let j = n + 55. What is the remainder when j is divided by 10?
9
Suppose 11 = -5*n - 19. Let c = 6 - n. What is the remainder when -4*44/24*-3 is divided by c?
10
Calculate the remainder when -7*(65/(-7) + 5) is divided by 17.
13
Let i(g) = g - 5*g**2 + g**3 + 6 - 5*g**2 + 5*g**2. Let f be ((-12)/8)/(-3)*10. What is the remainder when 43 is divided by i(f)?
10
Let s = 13 - 11. What is the remainder when 40 is divided by -2 + (15 - -3 - s)?
12
Suppose -3*f = -5*t + 57, -t + 2*t = -3*f - 3. Let u = t + 2. Suppose 35 = 5*z + 5. Calculate the remainder when u is divided by z.
5
What is the remainder when 1*(2 + 40 - -1) is divided by 15?
13
Let j be 16/3 + (-12)/36. Suppose 2 = j*g - 13. Calculate the remainder when 10 is divided by g.
1
Suppose -3*m + 7 = -59. Let f = 41 - m. Let d = 21 + -14. Calculate the remainder when f is divided by d.
5
Suppose -2*g - 4*o - 22 = 0, 0 = 2*g - 5*o + 2*o - 6. Let z = 0 - g. What is the remainder when 5 is divided by z?
2
Let m = 9 - 15. Let q be 2*m/(0 + -3). Suppose -4*b + 9*b = -a + 33, -2*a + q*b = -10. What is the remainder when 24 is divided by a?
11
Let o = 13 - -63. What is the remainder when o/2 + 3 - -2 is divided by 22?
21
Let t be (-2)/8 + 50/8. Let g(v) = 1 + t*v + 0 + 0*v. What is the remainder when 19 is divided by g(1)?
5
Let k = 3 + 1. Let z be (-42)/k + (-2)/(-4). Let l = z + 14. What is the remainder when 11 is divided by l?
3
Let u = 38 + -25. Calculate the remainder when 50 is divided by u.
11
Suppose -4*q + l = 23, 0 = -3*q + 4*l - 6*l - 9. Let r = q - -28. Calculate the remainder when r is divided by 12.
11
Let r(a) = a**2 - 2*a - 5. What is the remainder when 3 is divided by r(-2)?
0
Let x = 77 - 47. What is the remainder when x is divided by 11?
8
Suppose -w + 11 = -5*s, -s = -4*s + 3*w - 9. Let i(l) = l**3 + 12*l**2 + 10*l + 10. Calculate the remainder when i(-11) is divided by s*(-2)/(-4)*-11.
10
Let g be -4*(-2 + -4 - -2). Suppose -2*y + g = -10. What is the remainder when y is divided by 5?
3
Suppose s = y - 32, 2*y + 2*s - 81 + 17 = 0. Let w = 33 + -22. Calculate the remainder when y is divided by w.
10
Suppose -4*m = 4*x - 76, x + m - 13 = 6*m. Calculate the remainder when 68 is divided by x.
14
Calculate the remainder when 23 is divided by 1 - 6/3*-7.
8
Suppose 3*j + x = 55, -3*x + 0*x + 3 = 0. What is the remainder when 66 is divided by j?
12
What is the remainder when 23 is divided by (2/1 - 1)*6?
5
Let d = 46 + -20. Calculate the remainder when d is divided by 10.
6
Suppose -4*f - f + 625 = 0. Suppose -10*h + 256 = -2*h. What is the remainder when f is divided by h?
29
Suppose -17*t - 5*y + 145 = -12*t, 0 = -2*t + 4*y + 46. What is the remainder when t is divided by 11?
5
Suppose 4*s + 3*t = 0, -4*s - 23 = -5*s + 5*t. Suppose -2*f + 1 = -9. Suppose w = f*w - 28. What is the remainder when w is divided by s?
1
Let l(a) = 24*a**2 + a. Calculate the remainder when 91 is divided by l(-1).
22
Suppose -6 = 4*m - 30. Let l = m - -5. Calculate the remainder when 20 is divided by l.
9
Let n = 15 - 12. Suppose 0 = -2*m - n*m + 70. What is the remainder when 25 is divided by m?
11
Let f(i) = i**2 - 6*i - 7. Calculate the remainder when f(8) is divided by 3.
0
Let w(j) = j**3 + 5*j**2 - 4*j - 6. What is the remainder when (-1)/((-2)/82) - 1 is divided by w(-5)?
12
Let p(c) = -20*c + 2. What is the remainder when 63 is divided by p(-1)?
19
Let h(v) = v**2 + 5*v + 5. Let f be h(-5). Suppose -5*w + z + f + 52 = 0, -z = 3*w - 31. Let b = 18 + w. What is the remainder when b is divided by 10?
9
Let k = -42 + 78. Suppose 4*a - 60 = 16. What is the remainder when k is divided by a?
17
Let h(p) = -6*p - 8. Let u be h(-8). Suppose -4*n + u = 4*s, -4*n + 5 = 2*s - 13. What is the remainder when 30 is divided by s?
8
Let v(k) = 3*k**2 + 3*k - 9. What is the remainder when v(-4) is divided by 8?
3
Suppose -5*o = 3*z - 8*z - 75, -o - 4*z = 0. Let r(m) = -2*m - 1. What is the remainder when r(-12) is divided by o?
11
Suppose 1 + 1 = 2*u. Suppose -4*m = 3*f - 119, -4*f = -u - 19. Calculate the remainder when m is divided by 9.
8
Let l = 11 - 9. What is the remainder when 910/42 - l/(-6) is divided by 8?
6
Suppose 3*g + o - 30 = 6*o, -3*g = 2*o - 9. Suppose -24 = 2*b - g*b. Suppose -5*c - 2*f = -158, 10 = c - 4*f - f. What is the remainder when c is divided by b?
6
Suppose -3*h = -2*h + 1. Calculate the remainder when (38 - h) + 1 + -2 is divided by 20.
18
Let g(s) = -s**2 - 11*s - 10. Calculate the remainder when 30 is divided by g(-9).
6
What is the remainder when 48*((-45)/(-12))/5 is divided by 59/3 + 12/(-18)?
17
Calculate the remainder when 18/(-3)*7/(-2) is divided by 8.
5
Let i(b) = -b**3 + 10*b**2 - 2*b - 9. What is the remainder when i(6) is divided by 31?
30
Let s = -1 + 2. Let z = s - -5. Let g(f) = f - 9. Calculate the remainder when z is divided by g(13).
2
Suppose -5*k + 4*y + 5 + 27 = 0, -5*k + 3*y + 29 = 0. Suppose -3*z = z + k*u - 96, -5*u - 15 = 0. What is the remainder when z is divided by 14?
13
Let w = -5 + 38. What is the remainder when w is divided by 13?
7
Let l(d) = d - 1. Let v(w) = w**2 - 6*w + 6. Let y be v(5). Let j be l(y). Suppose -4*z - 25 + 77 = j. What is the remainder when z is divided by 5?
3
Suppose 0 = -2*k + 40 + 74. Calculate the remainder when k is divided by 12.
9
Suppose -5*a + o + 118 = 0, 3*a + 3*o - 2*o = 74. Calculate the remainder when (-1 - 10/(-3))*30 is divided by a.
22
Suppose c = -18*c + 76. Suppose 0 = 2*j - 12 - 6. What is the remainder when j is divided by c?
1
Let d(j) = -j**3 - j**2 + j + 13. Let s = -24 + 73. What is the remainder when s is divided by d(0)?
10
Suppose -4*k - m = -0*m - 48, -3*k - 2*m + 31 = 0. Calculate the remainder when 62 is divided by k.
10
Suppose 3*j - 150 = 3*i, 4*j - 8*j - 4*i + 176 = 0. Calculate the remainder when j is divided by 8.
7
Let d(j) = -j**2 - 11*j - 10. What is the remainder when 41 is divided by d(-8)?
13
Suppose -3*o - 34 - 11 = -3*d, -4*o = 5*d - 39. Suppose -3*y - 75 = -138. What is the remainder when y is divided by d?
10
Let g = 7 + 2. Let o(q) = -q**2 - 9*q - 2. Let x be o(-5). Suppose 1 - 7 = -3*c, -c = l - x. Calculate the remainder when l is divided by g.
7
Let b = -49 - -72. Calculate the remainder when b is divided by 13.
10
Suppose -4*t + 155 = 15. Suppose -56*o + 36 = -52*o. What is the remainder when t is divided by o?
8
Let g(s) = -5*s. What is the remainder when 38 is divided by g(-2)?
8
Let u = 1 + -7. Let i be -2*(-3)/u*-2. Suppose 0 = 4*o, 0 = -3*v - 0*v + i*o + 48. What is the remainder when v is divided by 9?
7
Let y = -75 + 122. Calculate the remainder when y is divided by 12.
11
Let x = -16 - -30. Calculate the remainder when (-246)/9*(-9)/6 is divided by x.
13
Let d be (-52)/14 + 4/(-14). Let f = 16 - d. What is the remainder when 59 is divided by f?
19
Let w(u) = -2*u**3 + 6*u**2 + 17*u - 2. Let x(c) = -c**3 + 3*c**2 + 8*c - 1. Let q(k) = -2*w(k) + 5*x(k). What is the remainder when 26 is divided by q(4)?
5
Suppose 0 = -2*m + 7 + 1. What is the remainder when 15 is divided by m?
3
Let k = -5 - -16. What is the remainder when k is divided by (-7)/2*(-24)/14?
5
Let q = -9 + 13. Suppose -3*p = 0, -2*p - 32 = -q*x - 0. Let z(m) = -m. What is the remainder when x is divided by z(-5)?
3
Let j be (-65)/(-2)*(-1 + -1). Let m = j + 94. Suppose 81 = 5*t - 2*d, 5*t - d - 2*d = 84. Calculate the remainder when m is divided by t.
14
Let v = 7 + -22. Let f = v + 24. Ca